{"id":15359,"date":"2023-11-04T02:11:20","date_gmt":"2023-11-04T01:11:20","guid":{"rendered":"http:\/\/innocentiemangonipiante.it\/phoenix-canariensis\/"},"modified":"2023-11-06T19:23:49","modified_gmt":"2023-11-06T18:23:49","slug":"phoenix-canariensis","status":"publish","type":"product","link":"https:\/\/innocentiemangonipiante.it\/de\/phoenix-canariensis\/","title":{"rendered":"PHOENIX canariensis"},"content":{"rendered":"<p>Mittelgro\u00dfe Palme mit s\u00e4ulenartigem Stamm, der von der Blattform gepr\u00e4gt ist. Die gefingerten Bl\u00e4tter sind bis 6 Meter lang und bestehen aus zahlreichen linealischen gr\u00fcnen Bl\u00e4ttchen. Im Sommer h\u00e4ngen Rispen mit becherf\u00f6rmigen cremefarbenen-gelben Bl\u00fcten nach unten, aus denen zylindrische rote Fr\u00fcchte mit Gelbt\u00f6nungen hervorgehen.<\/p>\n","protected":false},"excerpt":{"rendered":"<p>Mittelgro\u00dfe Palme mit s\u00e4ulenartigem Stamm, der von der Blattform gepr\u00e4gt ist. Die gefingerten Bl\u00e4tter sind bis 6 Meter lang und bestehen aus zahlreichen linealischen gr\u00fcnen Bl\u00e4ttchen. Im Sommer h\u00e4ngen Rispen mit becherf\u00f6rmigen cremefarbenen-gelben Bl\u00fcten nach unten, aus denen zylindrische rote Fr\u00fcchte mit Gelbt\u00f6nungen hervorgehen.<\/p>\n","protected":false},"featured_media":4361,"template":"","meta":{"_acf_changed":false},"product_brand":[],"product_cat":[8832,9231],"product_tag":[10898],"class_list":{"0":"post-15359","1":"product","2":"type-product","3":"status-publish","4":"has-post-thumbnail","6":"product_cat-palmartig-und-saftig","7":"product_cat-baume-und-pflanzen-der-zukunft","8":"product_tag-naturlichen","9":"pa_altezza-massima-15-meter","10":"pa_altezza-massima-20-meter","11":"pa_colore-fioritura-gelbe","12":"pa_condizionamento-clt-de","13":"pa_condizionamento-plant-plast-de","14":"pa_famiglia-palmae-de","15":"pa_genere-phoenix-de","16":"pa_origine-kanarischen-inseln","17":"pa_periodo-fioritura-august-de","18":"pa_periodo-fioritura-juli","19":"pa_periodo-fruttificazione-september-de","20":"pa_portamento-eretto-de","21":"pa_resistenza-climatica-sehr-niedrig","22":"pa_resistenza-del-suolo-bestandig-gegen-trockene-boden","23":"pa_salinita-bestaendigkeit-in-meeresluft","24":"pa_utilizzo-kleine-gaerten","25":"pa_utilizzo-parks-de","27":"first","28":"instock","29":"purchasable","30":"product-type-simple"},"acf":[],"_links":{"self":[{"href":"https:\/\/innocentiemangonipiante.it\/de\/wp-json\/wp\/v2\/product\/15359","targetHints":{"allow":["GET"]}}],"collection":[{"href":"https:\/\/innocentiemangonipiante.it\/de\/wp-json\/wp\/v2\/product"}],"about":[{"href":"https:\/\/innocentiemangonipiante.it\/de\/wp-json\/wp\/v2\/types\/product"}],"wp:featuredmedia":[{"embeddable":true,"href":"https:\/\/innocentiemangonipiante.it\/de\/wp-json\/wp\/v2\/media\/4361"}],"wp:attachment":[{"href":"https:\/\/innocentiemangonipiante.it\/de\/wp-json\/wp\/v2\/media?parent=15359"}],"wp:term":[{"taxonomy":"product_brand","embeddable":true,"href":"https:\/\/innocentiemangonipiante.it\/de\/wp-json\/wp\/v2\/product_brand?post=15359"},{"taxonomy":"product_cat","embeddable":true,"href":"https:\/\/innocentiemangonipiante.it\/de\/wp-json\/wp\/v2\/product_cat?post=15359"},{"taxonomy":"product_tag","embeddable":true,"href":"https:\/\/innocentiemangonipiante.it\/de\/wp-json\/wp\/v2\/product_tag?post=15359"}],"curies":[{"name":"wp","href":"https:\/\/api.w.org\/{rel}","templated":true}]}}

<p>Mittelgroße Palme mit säulenartigem Stamm, der von der Blattform geprägt ist. Die gefingerten Blätter sind bis 6 Meter lang und bestehen aus zahlreichen linealischen grünen Blättchen. Im Sommer hängen Rispen mit becherförmigen cremefarbenen-gelben Blüten nach unten, aus denen zylindrische rote Früchte mit Gelbtönungen hervorgehen.</p>
