{"id":16377,"date":"2023-11-04T01:35:49","date_gmt":"2023-11-04T00:35:49","guid":{"rendered":"http:\/\/innocentiemangonipiante.it\/laurus-nobilis\/"},"modified":"2023-10-06T12:39:30","modified_gmt":"2023-10-06T10:39:30","slug":"laurus-nobilis","status":"publish","type":"product","link":"https:\/\/innocentiemangonipiante.it\/es\/laurus-nobilis\/","title":{"rendered":"LAURUS nobilis"},"content":{"rendered":"<p>\u00c1rbol o arbusto perennifolio con hojas arom\u00e1ticas, un poco ovaladas de color verde inteso. Las flores son amarillas en primavera y a continuaci\u00f3n da fructos en forma de bayas negras. Las hojas se utilizan habitualmente en cocina.<\/p>\n","protected":false},"excerpt":{"rendered":"<p>\u00c1rbol o arbusto perennifolio con hojas arom\u00e1ticas, un poco ovaladas de color verde inteso. Las flores son amarillas en primavera y a continuaci\u00f3n da fructos en forma de bayas negras. Las hojas se utilizan habitualmente en cocina.<\/p>\n","protected":false},"featured_media":3668,"template":"","meta":{"_acf_changed":false},"product_brand":[],"product_cat":[8815,9232],"product_tag":[10899,8706,8537,8737,8566,8586,8500,8402,8406,8410],"class_list":{"0":"post-16377","1":"product","2":"type-product","3":"status-publish","4":"has-post-thumbnail","6":"product_cat-arboles-y-arbustos-persistentes","7":"product_cat-arboles-y-plantas-del-futuro","8":"product_tag-natural-es","9":"product_tag-bola","10":"product_tag-cono-es","11":"product_tag-cuarto-de-tallo","12":"product_tag-medio-tallo","13":"product_tag-medio-tallo-espiral","14":"product_tag-multitronco-con-copa-sombrilla","15":"product_tag-tallo-alto","16":"product_tag-tronco-alto-cilindro","17":"product_tag-tronco-alto-cono","18":"pa_altezza-massima-800-es","19":"pa_altezza-massima-12-metros","20":"pa_colore-fioritura-amarillo","21":"pa_condizionamento-clt-es","22":"pa_condizionamento-vs-es","23":"pa_famiglia-lauraceae-es-2","24":"pa_genere-laurus-es","25":"pa_origine-europa-mediterranea","26":"pa_periodo-fioritura-abril","27":"pa_periodo-fioritura-mayo","28":"pa_periodo-fruttificazione-junio","29":"pa_portamento-conico-es","30":"pa_profumo-delicato-es","31":"pa_resistenza-climatica-media","32":"pa_resistenza-del-suolo-resistente-a-los-suelos-calcareos","33":"pa_resistenza-del-suolo-resistente-a-los-suelos-secos","34":"pa_salinita-resistente-alla-salsedine-es","35":"pa_utilizzo-parques","36":"pa_utilizzo-pequenos-jardines","37":"pa_utilizzo-setos","39":"first","40":"instock","41":"purchasable","42":"product-type-simple"},"acf":[],"_links":{"self":[{"href":"https:\/\/innocentiemangonipiante.it\/es\/wp-json\/wp\/v2\/product\/16377","targetHints":{"allow":["GET"]}}],"collection":[{"href":"https:\/\/innocentiemangonipiante.it\/es\/wp-json\/wp\/v2\/product"}],"about":[{"href":"https:\/\/innocentiemangonipiante.it\/es\/wp-json\/wp\/v2\/types\/product"}],"wp:featuredmedia":[{"embeddable":true,"href":"https:\/\/innocentiemangonipiante.it\/es\/wp-json\/wp\/v2\/media\/3668"}],"wp:attachment":[{"href":"https:\/\/innocentiemangonipiante.it\/es\/wp-json\/wp\/v2\/media?parent=16377"}],"wp:term":[{"taxonomy":"product_brand","embeddable":true,"href":"https:\/\/innocentiemangonipiante.it\/es\/wp-json\/wp\/v2\/product_brand?post=16377"},{"taxonomy":"product_cat","embeddable":true,"href":"https:\/\/innocentiemangonipiante.it\/es\/wp-json\/wp\/v2\/product_cat?post=16377"},{"taxonomy":"product_tag","embeddable":true,"href":"https:\/\/innocentiemangonipiante.it\/es\/wp-json\/wp\/v2\/product_tag?post=16377"}],"curies":[{"name":"wp","href":"https:\/\/api.w.org\/{rel}","templated":true}]}}

<p>Árbol o arbusto perennifolio con hojas aromáticas, un poco ovaladas de color verde inteso. Las flores son amarillas en primavera y a continuación da fructos en forma de bayas negras. Las hojas se utilizan habitualmente en cocina.</p>
