{"id":13196,"date":"2023-11-04T02:32:45","date_gmt":"2023-11-04T01:32:45","guid":{"rendered":"http:\/\/innocentiemangonipiante.it\/prunus-lusitanica\/"},"modified":"2023-11-06T15:40:33","modified_gmt":"2023-11-06T14:40:33","slug":"prunus-lusitanica","status":"publish","type":"product","link":"https:\/\/innocentiemangonipiante.it\/fr\/prunus-lusitanica\/","title":{"rendered":"PRUNUS lusitanica"},"content":{"rendered":"<p>\u201cLaurier du Portugal\u201d. Arbuste ou arbre persistant, \u00e0 l\u2019aspect touffu et compact. Les feuilles, d\u2019elliptiques \u00e0 \u00e9troitement ov\u00e9es, luisantes, de couleur vert fonc\u00e9 sont d\u2019une longueur de 10 cm. Fleurs blanches, en coupe, d\u2019une largeur de 1 cm, r\u00e9unies en fr\u00eales panicules ascendantes d\u2019une longueur de 20 cm au d\u00e9but de l\u2019\u00e9t\u00e9.<\/p>\n","protected":false},"excerpt":{"rendered":"<p>\u201cLaurier du Portugal\u201d. Arbuste ou arbre persistant, \u00e0 l\u2019aspect touffu et compact. Les feuilles, d\u2019elliptiques \u00e0 \u00e9troitement ov\u00e9es, luisantes, de couleur vert fonc\u00e9 sont d\u2019une longueur de 10 cm. Fleurs blanches, en coupe, d\u2019une largeur de 1 cm, r\u00e9unies en fr\u00eales panicules ascendantes d\u2019une longueur de 20 cm au d\u00e9but de l\u2019\u00e9t\u00e9.<\/p>\n","protected":false},"featured_media":4919,"template":"","meta":{"_acf_changed":false},"product_brand":[],"product_cat":[8812],"product_tag":[10897,6265,6267,6255,8735,8400],"class_list":{"0":"post-13196","1":"product","2":"type-product","3":"status-publish","4":"has-post-thumbnail","6":"product_cat-arbres-et-arbustes-a-feuilles-caduques","7":"product_tag-naturelle","8":"product_tag-boule","9":"product_tag-cone","10":"product_tag-demi-tige","11":"product_tag-quart-de-tige","12":"product_tag-tige","13":"pa_altezza-massima-800-fr","14":"pa_altezza-massima-12-metres","15":"pa_colore-fioritura-blanc","16":"pa_condizionamento-clt-fr","17":"pa_condizionamento-motte","18":"pa_famiglia-rosaceae-fr","19":"pa_genere-prunus-fr","20":"pa_origine-portugal-fr","21":"pa_periodo-fioritura-juin","22":"pa_periodo-fruttificazione-juillet","23":"pa_portamento-de-colonne","24":"pa_profumo-intense-fr","25":"pa_resistenza-climatica-moyenne-elevee","26":"pa_resistenza-del-suolo-resistant-aux-sols-calcaires","27":"pa_utilizzo-haies","28":"pa_utilizzo-parcs","29":"pa_utilizzo-petits-jardins","31":"first","32":"instock","33":"purchasable","34":"product-type-simple"},"acf":[],"_links":{"self":[{"href":"https:\/\/innocentiemangonipiante.it\/fr\/wp-json\/wp\/v2\/product\/13196","targetHints":{"allow":["GET"]}}],"collection":[{"href":"https:\/\/innocentiemangonipiante.it\/fr\/wp-json\/wp\/v2\/product"}],"about":[{"href":"https:\/\/innocentiemangonipiante.it\/fr\/wp-json\/wp\/v2\/types\/product"}],"wp:featuredmedia":[{"embeddable":true,"href":"https:\/\/innocentiemangonipiante.it\/fr\/wp-json\/wp\/v2\/media\/4919"}],"wp:attachment":[{"href":"https:\/\/innocentiemangonipiante.it\/fr\/wp-json\/wp\/v2\/media?parent=13196"}],"wp:term":[{"taxonomy":"product_brand","embeddable":true,"href":"https:\/\/innocentiemangonipiante.it\/fr\/wp-json\/wp\/v2\/product_brand?post=13196"},{"taxonomy":"product_cat","embeddable":true,"href":"https:\/\/innocentiemangonipiante.it\/fr\/wp-json\/wp\/v2\/product_cat?post=13196"},{"taxonomy":"product_tag","embeddable":true,"href":"https:\/\/innocentiemangonipiante.it\/fr\/wp-json\/wp\/v2\/product_tag?post=13196"}],"curies":[{"name":"wp","href":"https:\/\/api.w.org\/{rel}","templated":true}]}}

<p>“Laurier du Portugal”. Arbuste ou arbre persistant, à l’aspect touffu et compact. Les feuilles, d’elliptiques à étroitement ovées, luisantes, de couleur vert foncé sont d’une longueur de 10 cm. Fleurs blanches, en coupe, d’une largeur de 1 cm, réunies en frêles panicules ascendantes d’une longueur de 20 cm au début de l’été.</p>
