{"id":13353,"date":"2023-11-04T03:16:21","date_gmt":"2023-11-04T02:16:21","guid":{"rendered":"http:\/\/innocentiemangonipiante.it\/tilia-x-euchlora\/"},"modified":"2023-11-06T16:05:07","modified_gmt":"2023-11-06T15:05:07","slug":"tilia-x-euchlora","status":"publish","type":"product","link":"https:\/\/innocentiemangonipiante.it\/fr\/tilia-x-euchlora\/","title":{"rendered":"TILIA x euchlora"},"content":{"rendered":"<p>Arbre de taille moyenne au port arrondi et aux branches l\u00e9g\u00e8rement pendantes \u00e0 maturit\u00e9. Les feuilles, arrondies \u00e0 largement ov\u00e9es, sont cord\u00e9es \u00e0 la base, luisantes, de couleur vert fonc\u00e9 dessus et vert plus clair dessous. Vers la moiti\u00e9 de l\u2019\u00e9t\u00e9, s\u2019\u00e9panouissent des cymes de 4 \u00e0 8 fleurs de couleur blanc-jaune clair. Les jeunes branches sont de couleur vert-jaun\u00e2tre. L\u2019\u00e9corce est de couleur gris clair.<\/p>\n","protected":false},"excerpt":{"rendered":"<p>Arbre de taille moyenne au port arrondi et aux branches l\u00e9g\u00e8rement pendantes \u00e0 maturit\u00e9. Les feuilles, arrondies \u00e0 largement ov\u00e9es, sont cord\u00e9es \u00e0 la base, luisantes, de couleur vert fonc\u00e9 dessus et vert plus clair dessous. Vers la moiti\u00e9 de l\u2019\u00e9t\u00e9, s\u2019\u00e9panouissent des cymes de 4 \u00e0 8 fleurs de couleur blanc-jaune clair. Les jeunes [&hellip;]<\/p>\n","protected":false},"featured_media":5853,"template":"","meta":{"_acf_changed":false},"product_brand":[],"product_cat":[8812],"product_tag":[10897,8596,8400],"class_list":{"0":"post-13353","1":"product","2":"type-product","3":"status-publish","4":"has-post-thumbnail","6":"product_cat-arbres-et-arbustes-a-feuilles-caduques","7":"product_tag-naturelle","8":"product_tag-cepee","9":"product_tag-tige","10":"pa_altezza-massima-15-metres","11":"pa_altezza-massima-20-metres","12":"pa_colore-fioritura-blanc","13":"pa_condizionamento-clt-fr","14":"pa_condizionamento-motte","15":"pa_famiglia-tiliaceae-fr","16":"pa_genere-tilia-fr","17":"pa_origine-europe-fr","18":"pa_periodo-fioritura-juillet","19":"pa_portamento-arrondi","20":"pa_profumo-intense-fr","21":"pa_resistenza-climatica-tres-elevee","22":"pa_resistenza-del-suolo-resistant-aux-sols-calcaires","23":"pa_resistenza-del-suolo-resistant-aux-sols-secs","24":"pa_utilizzo-avenues-fr","25":"pa_utilizzo-parcs","27":"first","28":"instock","29":"purchasable","30":"product-type-simple"},"acf":[],"_links":{"self":[{"href":"https:\/\/innocentiemangonipiante.it\/fr\/wp-json\/wp\/v2\/product\/13353","targetHints":{"allow":["GET"]}}],"collection":[{"href":"https:\/\/innocentiemangonipiante.it\/fr\/wp-json\/wp\/v2\/product"}],"about":[{"href":"https:\/\/innocentiemangonipiante.it\/fr\/wp-json\/wp\/v2\/types\/product"}],"wp:featuredmedia":[{"embeddable":true,"href":"https:\/\/innocentiemangonipiante.it\/fr\/wp-json\/wp\/v2\/media\/5853"}],"wp:attachment":[{"href":"https:\/\/innocentiemangonipiante.it\/fr\/wp-json\/wp\/v2\/media?parent=13353"}],"wp:term":[{"taxonomy":"product_brand","embeddable":true,"href":"https:\/\/innocentiemangonipiante.it\/fr\/wp-json\/wp\/v2\/product_brand?post=13353"},{"taxonomy":"product_cat","embeddable":true,"href":"https:\/\/innocentiemangonipiante.it\/fr\/wp-json\/wp\/v2\/product_cat?post=13353"},{"taxonomy":"product_tag","embeddable":true,"href":"https:\/\/innocentiemangonipiante.it\/fr\/wp-json\/wp\/v2\/product_tag?post=13353"}],"curies":[{"name":"wp","href":"https:\/\/api.w.org\/{rel}","templated":true}]}}

<p>Arbre de taille moyenne au port arrondi et aux branches légèrement pendantes à maturité. Les feuilles, arrondies à largement ovées, sont cordées à la base, luisantes, de couleur vert foncé dessus et vert plus clair dessous. Vers la moitié de l’été, s’épanouissent des cymes de 4 à 8 fleurs de couleur blanc-jaune clair. Les jeunes branches sont de couleur vert-jaunâtre. L’écorce est de couleur gris clair.</p>

<p>Arbre de taille moyenne au port arrondi et aux branches légèrement pendantes à maturité. Les feuilles, arrondies à largement ovées, sont cordées à la base, luisantes, de couleur vert foncé dessus et vert plus clair dessous. Vers la moitié de l’été, s’épanouissent des cymes de 4 à 8 fleurs de couleur blanc-jaune clair. Les jeunes [&hellip;]</p>
