{"id":26838,"date":"2023-11-04T00:24:20","date_gmt":"2023-11-03T23:24:20","guid":{"rendered":"http:\/\/innocentiemangonipiante.it\/cornus-kousa-2\/"},"modified":"2023-11-06T14:25:55","modified_gmt":"2023-11-06T13:25:55","slug":"cornus-kousa","status":"publish","type":"product","link":"https:\/\/innocentiemangonipiante.it\/fr\/cornus-kousa\/","title":{"rendered":"CORNUS kousa"},"content":{"rendered":"<p>Arbuste moyen \u00e0 feuille caduque et aux feuilles oppos\u00e9es, d\u2019ovo\u00efdales \u00e0 elliptiques, de 5 \u00e0 7 cm de longueur, l\u00e9g\u00e8rement ondul\u00e9es de couleur verte. En mai-juin, s\u2019\u00e9panouissent de grandes fleurs allant jusqu\u2019\u00e0 8 cm, compos\u00e9es de 4 bract\u00e9es de couleur blanche, suivies par des fruits pendants comestibles de forme arrondie et d\u2019un diam\u00e8tre d\u2019environ 2 cm, d\u2019abord verts puis jaun\u00e2tres et rouges \u00e0 maturation.<\/p>\n","protected":false},"excerpt":{"rendered":"<p>Arbuste moyen \u00e0 feuille caduque et aux feuilles oppos\u00e9es, d\u2019ovo\u00efdales \u00e0 elliptiques, de 5 \u00e0 7 cm de longueur, l\u00e9g\u00e8rement ondul\u00e9es de couleur verte. En mai-juin, s\u2019\u00e9panouissent de grandes fleurs allant jusqu\u2019\u00e0 8 cm, compos\u00e9es de 4 bract\u00e9es de couleur blanche, suivies par des fruits pendants comestibles de forme arrondie et d\u2019un diam\u00e8tre d\u2019environ 2 [&hellip;]<\/p>\n","protected":false},"featured_media":21554,"template":"","meta":{"_acf_changed":false},"product_brand":[],"product_cat":[8812],"product_tag":[10897],"class_list":{"0":"post-26838","1":"product","2":"type-product","3":"status-publish","4":"has-post-thumbnail","6":"product_cat-arbres-et-arbustes-a-feuilles-caduques","7":"product_tag-naturelle","8":"pa_altezza-massima-500-fr","9":"pa_altezza-massima-800-fr","10":"pa_colore-fioritura-blanc","11":"pa_famiglia-cornaceae-fr","12":"pa_genere-cornus-fr","13":"pa_origine-asie-orientale","14":"pa_periodo-fioritura-juin","15":"pa_periodo-fioritura-mai","16":"pa_periodo-fruttificazione-septembre","17":"pa_portamento-eretto-fr","18":"pa_resistenza-climatica-tres-elevee","19":"pa_utilizzo-parcs","20":"pa_utilizzo-petits-jardins","22":"first","23":"instock","24":"purchasable","25":"product-type-simple"},"acf":[],"_links":{"self":[{"href":"https:\/\/innocentiemangonipiante.it\/fr\/wp-json\/wp\/v2\/product\/26838","targetHints":{"allow":["GET"]}}],"collection":[{"href":"https:\/\/innocentiemangonipiante.it\/fr\/wp-json\/wp\/v2\/product"}],"about":[{"href":"https:\/\/innocentiemangonipiante.it\/fr\/wp-json\/wp\/v2\/types\/product"}],"wp:featuredmedia":[{"embeddable":true,"href":"https:\/\/innocentiemangonipiante.it\/fr\/wp-json\/wp\/v2\/media\/21554"}],"wp:attachment":[{"href":"https:\/\/innocentiemangonipiante.it\/fr\/wp-json\/wp\/v2\/media?parent=26838"}],"wp:term":[{"taxonomy":"product_brand","embeddable":true,"href":"https:\/\/innocentiemangonipiante.it\/fr\/wp-json\/wp\/v2\/product_brand?post=26838"},{"taxonomy":"product_cat","embeddable":true,"href":"https:\/\/innocentiemangonipiante.it\/fr\/wp-json\/wp\/v2\/product_cat?post=26838"},{"taxonomy":"product_tag","embeddable":true,"href":"https:\/\/innocentiemangonipiante.it\/fr\/wp-json\/wp\/v2\/product_tag?post=26838"}],"curies":[{"name":"wp","href":"https:\/\/api.w.org\/{rel}","templated":true}]}}

<p>Arbuste moyen à feuille caduque et aux feuilles opposées, d’ovoïdales à elliptiques, de 5 à 7 cm de longueur, légèrement ondulées de couleur verte. En mai-juin, s’épanouissent de grandes fleurs allant jusqu’à 8 cm, composées de 4 bractées de couleur blanche, suivies par des fruits pendants comestibles de forme arrondie et d’un diamètre d’environ 2 cm, d’abord verts puis jaunâtres et rouges à maturation.</p>

<p>Arbuste moyen à feuille caduque et aux feuilles opposées, d’ovoïdales à elliptiques, de 5 à 7 cm de longueur, légèrement ondulées de couleur verte. En mai-juin, s’épanouissent de grandes fleurs allant jusqu’à 8 cm, composées de 4 bractées de couleur blanche, suivies par des fruits pendants comestibles de forme arrondie et d’un diamètre d’environ 2 [&hellip;]</p>
